{"id":476,"date":"2024-06-21T13:19:29","date_gmt":"2024-06-21T13:19:29","guid":{"rendered":"https:\/\/hag.tula.tempurl.host\/aktividatnan\/"},"modified":"2024-10-23T22:38:11","modified_gmt":"2024-10-23T22:38:11","slug":"aktividatnan","status":"publish","type":"page","link":"https:\/\/fundashon-hendikep-ouditivo.org\/pap-cw\/aktividatnan\/","title":{"rendered":"Aktividatnan"},"content":{"rendered":"<p>For di 1985 Fundashon H\u00e8ndik\u00e8p Ouditivo ta ofres\u00e9 aktividatnan pa personanan ku un p\u00e8rdida di o\u00eddo.<br \/>\nE aktividatnan ta varia di charla, konferensha, ekskurshonnan, aktividatnan deportivo i tambe kurso.<\/p>\n<p>&nbsp;<\/p>\n\n<div class=\"vp-portfolio vp-uid-74ee63c6 vp-id-588 \"\n\tdata-vp-layout=\"masonry\" data-vp-content-source=\"post-based\" data-vp-items-style=\"fade\" data-vp-items-click-action=\"url\" data-vp-items-gap=\"15\" data-vp-items-gap-vertical=\"\" data-vp-pagination=\"load-more\" data-vp-next-page-url=\"\" data-vp-masonry-columns=\"3\" >\n\t<div class=\"vp-portfolio__preloader-wrap\">\n\t\t<div class=\"vp-portfolio__preloader\">\n\t\t\t<img decoding=\"async\" loading=\"eager\" src=\"https:\/\/fundashon-hendikep-ouditivo.org\/wp-content\/plugins\/visual-portfolio\/assets\/images\/logo-dark.svg\" alt=\"Visual Portfolio, Posts &amp; Image Gallery for WordPress\" width=\"20\" height=\"20\" data-skip-lazy>\n\t\t<\/div>\n\t<\/div>\n\t\t<div class=\"vp-portfolio__items-wrap\">\n\t\t\t\n<div class=\"vp-portfolio__items vp-portfolio__items-style-fade vp-portfolio__items-show-overlay-hover\">\n\n\t\t<article\t\tclass=\"vp-portfolio__item-wrap post-1336 post type-post status-publish format-standard has-post-thumbnail hentry category-aktividatnan vp-portfolio__item-uid-3e683f1c\" data-vp-filter=\"aktividatnan\" \t\t>\n\t\t\t\t\t\t\t\t\t<figure class=\"vp-portfolio__item\">\n\t\t\t\t\n<div class=\"vp-portfolio__item-img-wrap\">\n\t<div class=\"vp-portfolio__item-img\">\n\t\t\t<a\n\t\thref=\"https:\/\/fundashon-hendikep-ouditivo.org\/pap-cw\/annual-fitness-challenge\/\"\n\t\taria-label=\"Annual Fitness Challenge\" \t>\n\t\n\t\t<noscript><img loading=\"lazy\" decoding=\"async\" width=\"1080\" height=\"1080\" data-skip-lazy src=\"https:\/\/fundashon-hendikep-ouditivo.org\/wp-content\/uploads\/sites\/26\/2025\/05\/square-spinning.jpg\" class=\"wp-image-1351\" alt=\"\" srcset=\"https:\/\/fundashon-hendikep-ouditivo.org\/wp-content\/uploads\/sites\/26\/2025\/05\/square-spinning.jpg 1080w, https:\/\/fundashon-hendikep-ouditivo.org\/wp-content\/uploads\/sites\/26\/2025\/05\/square-spinning-980x980.jpg 980w, https:\/\/fundashon-hendikep-ouditivo.org\/wp-content\/uploads\/sites\/26\/2025\/05\/square-spinning-480x480.jpg 480w\" sizes=\"(min-width: 0px) and (max-width: 480px) 480px, (min-width: 481px) and (max-width: 980px) 980px, (min-width: 981px) 1080px, 100vw\" \/><\/noscript><img fetchpriority=\"high\" decoding=\"async\" width=\"1080\" height=\"1080\" src=\"https:\/\/fundashon-hendikep-ouditivo.org\/wp-content\/uploads\/sites\/26\/2025\/05\/square-spinning.jpg\" class=\"wp-image-1351 vp-lazyload\" alt srcset=\"data:image\/svg+xml;base64,PHN2ZyB3aWR0aD0iMTA4MCIgaGVpZ2h0PSIxMDgwIiB2aWV3Qm94PSIwIDAgMTA4MCAxMDgwIiBmaWxsPSJub25lIiB4bWxucz0iaHR0cDovL3d3dy53My5vcmcvMjAwMC9zdmciPjwvc3ZnPg==\" data-src=\"https:\/\/fundashon-hendikep-ouditivo.org\/wp-content\/uploads\/sites\/26\/2025\/05\/square-spinning.jpg\" data-srcset=\"https:\/\/fundashon-hendikep-ouditivo.org\/wp-content\/uploads\/sites\/26\/2025\/05\/square-spinning.jpg 1080w, https:\/\/fundashon-hendikep-ouditivo.org\/wp-content\/uploads\/sites\/26\/2025\/05\/square-spinning-980x980.jpg 980w, https:\/\/fundashon-hendikep-ouditivo.org\/wp-content\/uploads\/sites\/26\/2025\/05\/square-spinning-480x480.jpg 480w\" data-sizes=\"auto\" loading=\"eager\">\n\t\t<\/a>\t<\/div>\n<\/div>\n\t<figcaption class=\"vp-portfolio__item-overlay vp-portfolio__item-overlay-text-align-center\">\n\t\t<div class=\"vp-portfolio__item-meta-wrap vp-portfolio__custom-scrollbar\">\n\t\t\t\t<a\n\t\thref=\"https:\/\/fundashon-hendikep-ouditivo.org\/pap-cw\/annual-fitness-challenge\/\"\n\t\ttabindex=\"-1\" class=\"vp-portfolio__item-meta\" aria-label=\"Annual Fitness Challenge\" \t>\n\t\n<h2 class=\"vp-portfolio__item-meta-title\">\n\tAnnual Fitness Challenge<\/h2>\n\n<div class=\"vp-portfolio__item-meta-inline\">\n\t\n\n<div class=\"vp-portfolio__item-meta-part vp-portfolio__item-meta-date\">\n\t<span class=\"vp-portfolio__item-meta-part-icon\">\n\t\t<span class=\"vp-screen-reader-text\">\n\t\t\tDate\t\t<\/span>\n\t\t\n<svg class=\"vp-svg-icon\" width=\"20\" height=\"20\" viewBox=\"0 0 20 20\" fill=\"none\" xmlns=\"http:\/\/www.w3.org\/2000\/svg\">\n\t<rect x=\"1\" y=\"3.5\" width=\"18\" height=\"15.5\" rx=\"3\" stroke=\"currentColor\" stroke-width=\"1.5\" fill=\"transparent\" \/>\n\t<path d=\"M6 5V1M14 5V1\" stroke=\"currentColor\" stroke-width=\"1.5\" stroke-linecap=\"round\" stroke-linejoin=\"round\" fill=\"transparent\" \/>\n\t<path d=\"M18.5 9H1.5\" stroke=\"currentColor\" stroke-width=\"1.5\" fill=\"transparent\" \/>\n<\/svg>\n\t<\/span>\n\t<span class=\"vp-portfolio__item-meta-part-text\">\n\t\tMay 16, 2025\t<\/span>\n<\/div>\n\n<\/div>\n<\/a>\t\t<\/div>\n\t<\/figcaption>\n\t\t\t<\/figure>\n\t\t\t\t\t<\/article>\n\t\t\n\t\t<article\t\tclass=\"vp-portfolio__item-wrap post-794 post type-post status-publish format-standard has-post-thumbnail hentry category-aktividatnan vp-portfolio__item-uid-6924b66c\" data-vp-filter=\"aktividatnan\" \t\t>\n\t\t\t\t\t\t\t\t\t<figure class=\"vp-portfolio__item\">\n\t\t\t\t\n<div class=\"vp-portfolio__item-img-wrap\">\n\t<div class=\"vp-portfolio__item-img\">\n\t\t\t<a\n\t\thref=\"https:\/\/fundashon-hendikep-ouditivo.org\/pap-cw\/selebra-abilidat\/\"\n\t\taria-label=\"Selebr\u00e1 abilidat\" \t>\n\t\n\t\t<noscript><img loading=\"lazy\" decoding=\"async\" width=\"526\" height=\"526\" data-skip-lazy src=\"https:\/\/fundashon-hendikep-ouditivo.org\/wp-content\/uploads\/sites\/26\/2024\/11\/selebra-abilidat.jpg\" class=\"wp-image-796\" alt=\"\" srcset=\"https:\/\/fundashon-hendikep-ouditivo.org\/wp-content\/uploads\/sites\/26\/2024\/11\/selebra-abilidat.jpg 526w, https:\/\/fundashon-hendikep-ouditivo.org\/wp-content\/uploads\/sites\/26\/2024\/11\/selebra-abilidat-480x480.jpg 480w\" sizes=\"(min-width: 0px) and (max-width: 480px) 480px, (min-width: 481px) 526px, 100vw\" \/><\/noscript><img decoding=\"async\" width=\"526\" height=\"526\" src=\"https:\/\/fundashon-hendikep-ouditivo.org\/wp-content\/uploads\/sites\/26\/2024\/11\/selebra-abilidat.jpg\" class=\"wp-image-796 vp-lazyload\" alt srcset=\"data:image\/svg+xml;base64,PHN2ZyB3aWR0aD0iNTI2IiBoZWlnaHQ9IjUyNiIgdmlld0JveD0iMCAwIDUyNiA1MjYiIGZpbGw9Im5vbmUiIHhtbG5zPSJodHRwOi8vd3d3LnczLm9yZy8yMDAwL3N2ZyI+PC9zdmc+\" data-src=\"https:\/\/fundashon-hendikep-ouditivo.org\/wp-content\/uploads\/sites\/26\/2024\/11\/selebra-abilidat.jpg\" data-srcset=\"https:\/\/fundashon-hendikep-ouditivo.org\/wp-content\/uploads\/sites\/26\/2024\/11\/selebra-abilidat.jpg 526w, https:\/\/fundashon-hendikep-ouditivo.org\/wp-content\/uploads\/sites\/26\/2024\/11\/selebra-abilidat-480x480.jpg 480w\" data-sizes=\"auto\" loading=\"eager\">\n\t\t<\/a>\t<\/div>\n<\/div>\n\t<figcaption class=\"vp-portfolio__item-overlay vp-portfolio__item-overlay-text-align-center\">\n\t\t<div class=\"vp-portfolio__item-meta-wrap vp-portfolio__custom-scrollbar\">\n\t\t\t\t<a\n\t\thref=\"https:\/\/fundashon-hendikep-ouditivo.org\/pap-cw\/selebra-abilidat\/\"\n\t\ttabindex=\"-1\" class=\"vp-portfolio__item-meta\" aria-label=\"Selebr\u00e1 abilidat\" \t>\n\t\n<h2 class=\"vp-portfolio__item-meta-title\">\n\tSelebr\u00e1 abilidat<\/h2>\n\n<div class=\"vp-portfolio__item-meta-inline\">\n\t\n\n<div class=\"vp-portfolio__item-meta-part vp-portfolio__item-meta-date\">\n\t<span class=\"vp-portfolio__item-meta-part-icon\">\n\t\t<span class=\"vp-screen-reader-text\">\n\t\t\tDate\t\t<\/span>\n\t\t\n<svg class=\"vp-svg-icon\" width=\"20\" height=\"20\" viewBox=\"0 0 20 20\" fill=\"none\" xmlns=\"http:\/\/www.w3.org\/2000\/svg\">\n\t<rect x=\"1\" y=\"3.5\" width=\"18\" height=\"15.5\" rx=\"3\" stroke=\"currentColor\" stroke-width=\"1.5\" fill=\"transparent\" \/>\n\t<path d=\"M6 5V1M14 5V1\" stroke=\"currentColor\" stroke-width=\"1.5\" stroke-linecap=\"round\" stroke-linejoin=\"round\" fill=\"transparent\" \/>\n\t<path d=\"M18.5 9H1.5\" stroke=\"currentColor\" stroke-width=\"1.5\" fill=\"transparent\" \/>\n<\/svg>\n\t<\/span>\n\t<span class=\"vp-portfolio__item-meta-part-text\">\n\t\tDecember 3, 2024\t<\/span>\n<\/div>\n\n<\/div>\n<\/a>\t\t<\/div>\n\t<\/figcaption>\n\t\t\t<\/figure>\n\t\t\t\t\t<\/article>\n\t\t\n\t\t<article\t\tclass=\"vp-portfolio__item-wrap post-570 post type-post status-publish format-standard has-post-thumbnail hentry category-aktividatnan vp-portfolio__item-uid-f34e8b95\" data-vp-filter=\"aktividatnan\" \t\t>\n\t\t\t\t\t\t\t\t\t<figure class=\"vp-portfolio__item\">\n\t\t\t\t\n<div class=\"vp-portfolio__item-img-wrap\">\n\t<div class=\"vp-portfolio__item-img\">\n\t\t\t<a\n\t\thref=\"https:\/\/fundashon-hendikep-ouditivo.org\/pap-cw\/dia-internashonal-di-surdu\/\"\n\t\taria-label=\"Dia Internashonal di Surdu\u00a0\" \t>\n\t\n\t\t<noscript><img loading=\"lazy\" decoding=\"async\" width=\"1024\" height=\"768\" data-skip-lazy src=\"https:\/\/fundashon-hendikep-ouditivo.org\/wp-content\/uploads\/sites\/26\/2024\/10\/IMG-20230923-WA0020.jpg\" class=\"wp-image-561\" alt=\"\" srcset=\"https:\/\/fundashon-hendikep-ouditivo.org\/wp-content\/uploads\/sites\/26\/2024\/10\/IMG-20230923-WA0020.jpg 1024w, https:\/\/fundashon-hendikep-ouditivo.org\/wp-content\/uploads\/sites\/26\/2024\/10\/IMG-20230923-WA0020-980x735.jpg 980w, https:\/\/fundashon-hendikep-ouditivo.org\/wp-content\/uploads\/sites\/26\/2024\/10\/IMG-20230923-WA0020-480x360.jpg 480w\" sizes=\"(min-width: 0px) and (max-width: 480px) 480px, (min-width: 481px) and (max-width: 980px) 980px, (min-width: 981px) 1024px, 100vw\" \/><\/noscript><img decoding=\"async\" width=\"1024\" height=\"768\" src=\"https:\/\/fundashon-hendikep-ouditivo.org\/wp-content\/uploads\/sites\/26\/2024\/10\/IMG-20230923-WA0020.jpg\" class=\"wp-image-561 vp-lazyload\" alt srcset=\"data:image\/svg+xml;base64,PHN2ZyB3aWR0aD0iMTAyNCIgaGVpZ2h0PSI3NjgiIHZpZXdCb3g9IjAgMCAxMDI0IDc2OCIgZmlsbD0ibm9uZSIgeG1sbnM9Imh0dHA6Ly93d3cudzMub3JnLzIwMDAvc3ZnIj48L3N2Zz4=\" data-src=\"https:\/\/fundashon-hendikep-ouditivo.org\/wp-content\/uploads\/sites\/26\/2024\/10\/IMG-20230923-WA0020.jpg\" data-srcset=\"https:\/\/fundashon-hendikep-ouditivo.org\/wp-content\/uploads\/sites\/26\/2024\/10\/IMG-20230923-WA0020.jpg 1024w, https:\/\/fundashon-hendikep-ouditivo.org\/wp-content\/uploads\/sites\/26\/2024\/10\/IMG-20230923-WA0020-980x735.jpg 980w, https:\/\/fundashon-hendikep-ouditivo.org\/wp-content\/uploads\/sites\/26\/2024\/10\/IMG-20230923-WA0020-480x360.jpg 480w\" data-sizes=\"auto\" loading=\"eager\">\n\t\t<\/a>\t<\/div>\n<\/div>\n\t<figcaption class=\"vp-portfolio__item-overlay vp-portfolio__item-overlay-text-align-center\">\n\t\t<div class=\"vp-portfolio__item-meta-wrap vp-portfolio__custom-scrollbar\">\n\t\t\t\t<a\n\t\thref=\"https:\/\/fundashon-hendikep-ouditivo.org\/pap-cw\/dia-internashonal-di-surdu\/\"\n\t\ttabindex=\"-1\" class=\"vp-portfolio__item-meta\" aria-label=\"Dia Internashonal di Surdu\u00a0\" \t>\n\t\n<h2 class=\"vp-portfolio__item-meta-title\">\n\tDia Internashonal di Surdu\u00a0<\/h2>\n\n<div class=\"vp-portfolio__item-meta-inline\">\n\t\n\n<div class=\"vp-portfolio__item-meta-part vp-portfolio__item-meta-date\">\n\t<span class=\"vp-portfolio__item-meta-part-icon\">\n\t\t<span class=\"vp-screen-reader-text\">\n\t\t\tDate\t\t<\/span>\n\t\t\n<svg class=\"vp-svg-icon\" width=\"20\" height=\"20\" viewBox=\"0 0 20 20\" fill=\"none\" xmlns=\"http:\/\/www.w3.org\/2000\/svg\">\n\t<rect x=\"1\" y=\"3.5\" width=\"18\" height=\"15.5\" rx=\"3\" stroke=\"currentColor\" stroke-width=\"1.5\" fill=\"transparent\" \/>\n\t<path d=\"M6 5V1M14 5V1\" stroke=\"currentColor\" stroke-width=\"1.5\" stroke-linecap=\"round\" stroke-linejoin=\"round\" fill=\"transparent\" \/>\n\t<path d=\"M18.5 9H1.5\" stroke=\"currentColor\" stroke-width=\"1.5\" fill=\"transparent\" \/>\n<\/svg>\n\t<\/span>\n\t<span class=\"vp-portfolio__item-meta-part-text\">\n\t\tSeptember 23, 2023\t<\/span>\n<\/div>\n\n<\/div>\n<\/a>\t\t<\/div>\n\t<\/figcaption>\n\t\t\t<\/figure>\n\t\t\t\t\t<\/article>\n\t\t\n\t\t<article\t\tclass=\"vp-portfolio__item-wrap post-621 post type-post status-publish format-standard has-post-thumbnail hentry category-aktividatnan vp-portfolio__item-uid-fb78f11f\" data-vp-filter=\"aktividatnan\" \t\t>\n\t\t\t\t\t\t\t\t\t<figure class=\"vp-portfolio__item\">\n\t\t\t\t\n<div class=\"vp-portfolio__item-img-wrap\">\n\t<div class=\"vp-portfolio__item-img\">\n\t\t\t<a\n\t\thref=\"https:\/\/fundashon-hendikep-ouditivo.org\/pap-cw\/kaminata-den-otrobanda\/\"\n\t\taria-label=\"Kaminata den Otrobanda\" \t>\n\t\n\t\t<noscript><img loading=\"lazy\" decoding=\"async\" width=\"1024\" height=\"768\" data-skip-lazy src=\"https:\/\/fundashon-hendikep-ouditivo.org\/wp-content\/uploads\/sites\/26\/2024\/10\/IMG-20230917-WA0018.jpg\" class=\"wp-image-630\" alt=\"\" srcset=\"https:\/\/fundashon-hendikep-ouditivo.org\/wp-content\/uploads\/sites\/26\/2024\/10\/IMG-20230917-WA0018.jpg 1024w, https:\/\/fundashon-hendikep-ouditivo.org\/wp-content\/uploads\/sites\/26\/2024\/10\/IMG-20230917-WA0018-980x735.jpg 980w, https:\/\/fundashon-hendikep-ouditivo.org\/wp-content\/uploads\/sites\/26\/2024\/10\/IMG-20230917-WA0018-480x360.jpg 480w\" sizes=\"(min-width: 0px) and (max-width: 480px) 480px, (min-width: 481px) and (max-width: 980px) 980px, (min-width: 981px) 1024px, 100vw\" \/><\/noscript><img decoding=\"async\" width=\"1024\" height=\"768\" src=\"https:\/\/fundashon-hendikep-ouditivo.org\/wp-content\/uploads\/sites\/26\/2024\/10\/IMG-20230917-WA0018.jpg\" class=\"wp-image-630 vp-lazyload\" alt srcset=\"data:image\/svg+xml;base64,PHN2ZyB3aWR0aD0iMTAyNCIgaGVpZ2h0PSI3NjgiIHZpZXdCb3g9IjAgMCAxMDI0IDc2OCIgZmlsbD0ibm9uZSIgeG1sbnM9Imh0dHA6Ly93d3cudzMub3JnLzIwMDAvc3ZnIj48L3N2Zz4=\" data-src=\"https:\/\/fundashon-hendikep-ouditivo.org\/wp-content\/uploads\/sites\/26\/2024\/10\/IMG-20230917-WA0018.jpg\" data-srcset=\"https:\/\/fundashon-hendikep-ouditivo.org\/wp-content\/uploads\/sites\/26\/2024\/10\/IMG-20230917-WA0018.jpg 1024w, https:\/\/fundashon-hendikep-ouditivo.org\/wp-content\/uploads\/sites\/26\/2024\/10\/IMG-20230917-WA0018-980x735.jpg 980w, https:\/\/fundashon-hendikep-ouditivo.org\/wp-content\/uploads\/sites\/26\/2024\/10\/IMG-20230917-WA0018-480x360.jpg 480w\" data-sizes=\"auto\" loading=\"eager\">\n\t\t<\/a>\t<\/div>\n<\/div>\n\t<figcaption class=\"vp-portfolio__item-overlay vp-portfolio__item-overlay-text-align-center\">\n\t\t<div class=\"vp-portfolio__item-meta-wrap vp-portfolio__custom-scrollbar\">\n\t\t\t\t<a\n\t\thref=\"https:\/\/fundashon-hendikep-ouditivo.org\/pap-cw\/kaminata-den-otrobanda\/\"\n\t\ttabindex=\"-1\" class=\"vp-portfolio__item-meta\" aria-label=\"Kaminata den Otrobanda\" \t>\n\t\n<h2 class=\"vp-portfolio__item-meta-title\">\n\tKaminata den Otrobanda<\/h2>\n\n<div class=\"vp-portfolio__item-meta-inline\">\n\t\n\n<div class=\"vp-portfolio__item-meta-part vp-portfolio__item-meta-date\">\n\t<span class=\"vp-portfolio__item-meta-part-icon\">\n\t\t<span class=\"vp-screen-reader-text\">\n\t\t\tDate\t\t<\/span>\n\t\t\n<svg class=\"vp-svg-icon\" width=\"20\" height=\"20\" viewBox=\"0 0 20 20\" fill=\"none\" xmlns=\"http:\/\/www.w3.org\/2000\/svg\">\n\t<rect x=\"1\" y=\"3.5\" width=\"18\" height=\"15.5\" rx=\"3\" stroke=\"currentColor\" stroke-width=\"1.5\" fill=\"transparent\" \/>\n\t<path d=\"M6 5V1M14 5V1\" stroke=\"currentColor\" stroke-width=\"1.5\" stroke-linecap=\"round\" stroke-linejoin=\"round\" fill=\"transparent\" \/>\n\t<path d=\"M18.5 9H1.5\" stroke=\"currentColor\" stroke-width=\"1.5\" fill=\"transparent\" \/>\n<\/svg>\n\t<\/span>\n\t<span class=\"vp-portfolio__item-meta-part-text\">\n\t\tSeptember 17, 2023\t<\/span>\n<\/div>\n\n<\/div>\n<\/a>\t\t<\/div>\n\t<\/figcaption>\n\t\t\t<\/figure>\n\t\t\t\t\t<\/article>\n\t\t\n\t\t<article\t\tclass=\"vp-portfolio__item-wrap post-666 post type-post status-publish format-standard has-post-thumbnail hentry category-aktividatnan vp-portfolio__item-uid-0170a1b8\" data-vp-filter=\"aktividatnan\" \t\t>\n\t\t\t\t\t\t\t\t\t<figure class=\"vp-portfolio__item\">\n\t\t\t\t\n<div class=\"vp-portfolio__item-img-wrap\">\n\t<div class=\"vp-portfolio__item-img\">\n\t\t\t<a\n\t\thref=\"https:\/\/fundashon-hendikep-ouditivo.org\/pap-cw\/happy-hour-bowling\/\"\n\t\taria-label=\"Happy Hour &#038; Bowling\" \t>\n\t\n\t\t<noscript><img loading=\"lazy\" decoding=\"async\" width=\"1512\" height=\"2016\" data-skip-lazy src=\"https:\/\/fundashon-hendikep-ouditivo.org\/wp-content\/uploads\/sites\/26\/2024\/10\/2.jpg\" class=\"wp-image-671\" alt=\"\" srcset=\"https:\/\/fundashon-hendikep-ouditivo.org\/wp-content\/uploads\/sites\/26\/2024\/10\/2.jpg 1512w, https:\/\/fundashon-hendikep-ouditivo.org\/wp-content\/uploads\/sites\/26\/2024\/10\/2-1280x1707.jpg 1280w, https:\/\/fundashon-hendikep-ouditivo.org\/wp-content\/uploads\/sites\/26\/2024\/10\/2-980x1307.jpg 980w, https:\/\/fundashon-hendikep-ouditivo.org\/wp-content\/uploads\/sites\/26\/2024\/10\/2-480x640.jpg 480w\" sizes=\"(min-width: 0px) and (max-width: 480px) 480px, (min-width: 481px) and (max-width: 980px) 980px, (min-width: 981px) and (max-width: 1280px) 1280px, (min-width: 1281px) 1512px, 100vw\" \/><\/noscript><img decoding=\"async\" width=\"1512\" height=\"2016\" src=\"https:\/\/fundashon-hendikep-ouditivo.org\/wp-content\/uploads\/sites\/26\/2024\/10\/2.jpg\" class=\"wp-image-671 vp-lazyload\" alt srcset=\"data:image\/svg+xml;base64,PHN2ZyB3aWR0aD0iMTUxMiIgaGVpZ2h0PSIyMDE2IiB2aWV3Qm94PSIwIDAgMTUxMiAyMDE2IiBmaWxsPSJub25lIiB4bWxucz0iaHR0cDovL3d3dy53My5vcmcvMjAwMC9zdmciPjwvc3ZnPg==\" data-src=\"https:\/\/fundashon-hendikep-ouditivo.org\/wp-content\/uploads\/sites\/26\/2024\/10\/2.jpg\" data-srcset=\"https:\/\/fundashon-hendikep-ouditivo.org\/wp-content\/uploads\/sites\/26\/2024\/10\/2.jpg 1512w, https:\/\/fundashon-hendikep-ouditivo.org\/wp-content\/uploads\/sites\/26\/2024\/10\/2-1280x1707.jpg 1280w, https:\/\/fundashon-hendikep-ouditivo.org\/wp-content\/uploads\/sites\/26\/2024\/10\/2-980x1307.jpg 980w, https:\/\/fundashon-hendikep-ouditivo.org\/wp-content\/uploads\/sites\/26\/2024\/10\/2-480x640.jpg 480w\" data-sizes=\"auto\" loading=\"eager\">\n\t\t<\/a>\t<\/div>\n<\/div>\n\t<figcaption class=\"vp-portfolio__item-overlay vp-portfolio__item-overlay-text-align-center\">\n\t\t<div class=\"vp-portfolio__item-meta-wrap vp-portfolio__custom-scrollbar\">\n\t\t\t\t<a\n\t\thref=\"https:\/\/fundashon-hendikep-ouditivo.org\/pap-cw\/happy-hour-bowling\/\"\n\t\ttabindex=\"-1\" class=\"vp-portfolio__item-meta\" aria-label=\"Happy Hour &#038; Bowling\" \t>\n\t\n<h2 class=\"vp-portfolio__item-meta-title\">\n\tHappy Hour &#038; Bowling<\/h2>\n\n<div class=\"vp-portfolio__item-meta-inline\">\n\t\n\n<div class=\"vp-portfolio__item-meta-part vp-portfolio__item-meta-date\">\n\t<span class=\"vp-portfolio__item-meta-part-icon\">\n\t\t<span class=\"vp-screen-reader-text\">\n\t\t\tDate\t\t<\/span>\n\t\t\n<svg class=\"vp-svg-icon\" width=\"20\" height=\"20\" viewBox=\"0 0 20 20\" fill=\"none\" xmlns=\"http:\/\/www.w3.org\/2000\/svg\">\n\t<rect x=\"1\" y=\"3.5\" width=\"18\" height=\"15.5\" rx=\"3\" stroke=\"currentColor\" stroke-width=\"1.5\" fill=\"transparent\" \/>\n\t<path d=\"M6 5V1M14 5V1\" stroke=\"currentColor\" stroke-width=\"1.5\" stroke-linecap=\"round\" stroke-linejoin=\"round\" fill=\"transparent\" \/>\n\t<path d=\"M18.5 9H1.5\" stroke=\"currentColor\" stroke-width=\"1.5\" fill=\"transparent\" \/>\n<\/svg>\n\t<\/span>\n\t<span class=\"vp-portfolio__item-meta-part-text\">\n\t\tMay 17, 2023\t<\/span>\n<\/div>\n\n<\/div>\n<\/a>\t\t<\/div>\n\t<\/figcaption>\n\t\t\t<\/figure>\n\t\t\t\t\t<\/article>\n\t\t\n<\/div>\n\t\t<\/div>\n\t\t\n<\/div>\n\n","protected":false},"excerpt":{"rendered":"<p>Den e siman di 2 pa 8 di Mei a selebr\u00e1 Dia Internashonal di hende ku problema di oido. Quota Club a invit\u00e1 miembronan di HAG na un \u201cHappy Hour i Bowling \u201d Ku a tuma lug\u00e1 djadumingu 7 di Mei 2023\u00a0 di 4\u2019or pa 6\u2019or di atardi\u00a0 na Striker Bowling Cura\u00e7ao \u2013 Sali\u00f1a<div class=\"et_pb_module dmg_masonry_gallery dmg_masonry_gallery_0\">\n\t\t\t\t\n\t\t\t\t\n\t\t\t\t\n\t\t\t\t\n\t\t\t\t\n\t\t\t\t\n\t\t\t\t<div class=\"et_pb_module_inner\">\n\t\t\t\t\t\n\t\t\t<div class=\"dmg-gallery-wrapper\">\n\t\t\t\t\n\t\t\t\t<div class=\"dmg-gallery dmg-modal-gallery \">\n\t\t\t\t\t<div class=\"dmg-gallery-sizer\"><\/div>\n\t\t\t\t\t<div class=\"dmg-gutter-sizer\"><\/div>\n\t\t\t\t\t\n\t\t\t\t\t\t\t<a data-width=\"\" data-height=\"\" href=\"\"  data-categories=\"\" class=\"dmg_masonry_gallery_item \" >\n\t\t\t\t\t\t\t\t<img class=\"dmg-lazyload\" alt=\"\" data-src=\"\" width=\"\" height=\"\" \/>\n\t\t\t\t\t\t\t\t<span class=\"et_overlay\"><\/span>\n\t\t\t\t\t\t\t<\/a>\n\t\t\t\t\t\t\t\n\t  \t\t\t<\/div>\n\t  \t\t\t\n  \t\t\t<\/div>\n  \t\t\t\n\t\t\t\t<\/div>\n\t\t\t<\/div><\/p>\n","protected":false},"author":1,"featured_media":0,"parent":0,"menu_order":300,"comment_status":"closed","ping_status":"closed","template":"","meta":{"_et_pb_use_builder":"on","_et_pb_old_content":"","_et_gb_content_width":"","_links_to":"","_links_to_type":0,"_vp_format_video_url":"","_vp_image_focal_point":[],"footnotes":""},"class_list":["post-476","page","type-page","status-publish","hentry"],"_links":{"self":[{"href":"https:\/\/fundashon-hendikep-ouditivo.org\/pap-cw\/wp-json\/wp\/v2\/pages\/476","targetHints":{"allow":["GET"]}}],"collection":[{"href":"https:\/\/fundashon-hendikep-ouditivo.org\/pap-cw\/wp-json\/wp\/v2\/pages"}],"about":[{"href":"https:\/\/fundashon-hendikep-ouditivo.org\/pap-cw\/wp-json\/wp\/v2\/types\/page"}],"author":[{"embeddable":true,"href":"https:\/\/fundashon-hendikep-ouditivo.org\/pap-cw\/wp-json\/wp\/v2\/users\/1"}],"replies":[{"embeddable":true,"href":"https:\/\/fundashon-hendikep-ouditivo.org\/pap-cw\/wp-json\/wp\/v2\/comments?post=476"}],"version-history":[{"count":0,"href":"https:\/\/fundashon-hendikep-ouditivo.org\/pap-cw\/wp-json\/wp\/v2\/pages\/476\/revisions"}],"wp:attachment":[{"href":"https:\/\/fundashon-hendikep-ouditivo.org\/pap-cw\/wp-json\/wp\/v2\/media?parent=476"}],"curies":[{"name":"wp","href":"https:\/\/api.w.org\/{rel}","templated":true}]}}